{"id":123,"date":"2020-04-06T12:13:37","date_gmt":"2020-04-06T12:13:37","guid":{"rendered":"http:\/\/kanzlei-laarmann.de\/?page_id=123"},"modified":"2025-01-08T07:13:50","modified_gmt":"2025-01-08T07:13:50","slug":"startseite","status":"publish","type":"page","link":"https:\/\/kanzlei-laarmann.de\/?page_id=123","title":{"rendered":"Startseite"},"content":{"rendered":"\r\n<p>&nbsp;<\/p>\r\n\r\n\r\n\r\n<p>&nbsp;<\/p>\r\n\r\n\r\n\r\n<p>&nbsp;<\/p>\r\n\r\n\r\n\r\n<p class=\"has-text-align-center\" style=\"text-align: center;\">Rechtsanw\u00e4ltin Jessica Laarmann<\/p>\r\n\r\n\r\n\r\n<p class=\"has-text-align-center\" style=\"text-align: center;\">Fachanw\u00e4ltin f\u00fcr Strafrecht<\/p>\r\n\r\n\r\n\r\n<p class=\"has-text-align-center\" style=\"text-align: center;\">Diepenbrockstr. 42<\/p>\r\n\r\n\r\n\r\n<p class=\"has-text-align-center\" style=\"text-align: center;\">45968 Gladbeck<\/p>\r\n\r\n\r\n\r\n<p style=\"text-align: center;\">Tel.: 02043\/30030<\/p>\r\n\r\n\r\n\r\n<p class=\"has-text-align-center\" style=\"text-align: center;\">E-Mail: info@kanzlei-laarmann.de<\/p>\r\n\r\n\r\n\r\n<h3 class=\"wp-block-heading\">T\u00e4tigkeitsfeld<\/h3>\r\n\r\n\r\n\r\n<p>Rechtsanw\u00e4ltin Laarmann ist seit April 2018 als Rechtsanw\u00e4ltin in Gladbeck zugelassen, ist aber auch deutschlandweit t\u00e4tig.<\/p>\r\n\r\n\r\n\r\n<p>Frau Rechtsanw\u00e4ltin Laarmann \u00fcbernimmt Mandate als Wahlverteidigerin und als Pflichtverteidigerin.<\/p>\r\n\r\n\r\n\r\n<p>&nbsp;<\/p>\r\n\r\n\r\n\r\n<p>Sollen Sie als Beschuldigter von der Polizei vernommen werden, sollten Sie dringend einen Verteidiger aufsuchen, der Einsicht in die Akte nimmt und mit Ihnen das weitere Vorgehen bespricht.<\/p>\r\n\r\n\r\n\r\n<p>Gerne k\u00f6nnen Sie sich mit mir \u00fcber das untere Feld in Verbindung setzen, falls Sie einer Straftat beschuldigt werden.<\/p>\r\n\r\n\r\n<div class=\"wp-block-jetpack-contact-form is-layout-flex wp-container-jetpack-contact-form-is-layout-faa3ad1c wp-block-jetpack-contact-form-is-layout-flex\"><a href=\"https:\/\/kanzlei-laarmann.de\/?page_id=123\" target=\"_blank\" rel=\"noopener noreferrer\">Formular einreichen.<\/a><\/div>\r\n\r\n<ul class=\"wp-block-latest-posts__list is-grid columns-3 wp-block-latest-posts\"><li><a class=\"wp-block-latest-posts__post-title\" href=\"https:\/\/kanzlei-laarmann.de\/?p=436\">Strafbefehl<\/a><\/li>\n<li><a class=\"wp-block-latest-posts__post-title\" href=\"https:\/\/kanzlei-laarmann.de\/?p=186\">Was tun, wenn&#8230;? (Beschuldigter)<\/a><\/li>\n<li><a class=\"wp-block-latest-posts__post-title\" href=\"https:\/\/kanzlei-laarmann.de\/?p=154\">Fahrerflucht \u2013 Ein Kavaliersdelikt? Welche rechtlichen Folgen treten ein? Wie verhalte ich mich richtig?<\/a><\/li>\n<li><a class=\"wp-block-latest-posts__post-title\" href=\"https:\/\/kanzlei-laarmann.de\/?p=141\">Flugversp\u00e4tung, Annullierung, Nichtbef\u00f6rderung \u2013 welche Rechte stehen mir zu?<\/a><\/li>\n<\/ul>","protected":false},"excerpt":{"rendered":"<p>&nbsp; &nbsp; &nbsp; Rechtsanw\u00e4ltin Jessica Laarmann Fachanw\u00e4ltin f\u00fcr Strafrecht Diepenbrockstr. 42 45968 Gladbeck Tel.: 02043\/30030 E-Mail: info@kanzlei-laarmann.de T\u00e4tigkeitsfeld Rechtsanw\u00e4ltin Laarmann ist seit April 2018 als Rechtsanw\u00e4ltin in Gladbeck zugelassen, ist aber auch deutschlandweit t\u00e4tig. Frau Rechtsanw\u00e4ltin Laarmann \u00fcbernimmt Mandate als &hellip; <\/p>\n","protected":false},"author":1,"featured_media":0,"parent":0,"menu_order":0,"comment_status":"closed","ping_status":"closed","template":"","meta":{"footnotes":""},"class_list":["post-123","page","type-page","status-publish","hentry"],"jetpack_sharing_enabled":true,"_links":{"self":[{"href":"https:\/\/kanzlei-laarmann.de\/index.php?rest_route=\/wp\/v2\/pages\/123","targetHints":{"allow":["GET"]}}],"collection":[{"href":"https:\/\/kanzlei-laarmann.de\/index.php?rest_route=\/wp\/v2\/pages"}],"about":[{"href":"https:\/\/kanzlei-laarmann.de\/index.php?rest_route=\/wp\/v2\/types\/page"}],"author":[{"embeddable":true,"href":"https:\/\/kanzlei-laarmann.de\/index.php?rest_route=\/wp\/v2\/users\/1"}],"replies":[{"embeddable":true,"href":"https:\/\/kanzlei-laarmann.de\/index.php?rest_route=%2Fwp%2Fv2%2Fcomments&post=123"}],"version-history":[{"count":12,"href":"https:\/\/kanzlei-laarmann.de\/index.php?rest_route=\/wp\/v2\/pages\/123\/revisions"}],"predecessor-version":[{"id":440,"href":"https:\/\/kanzlei-laarmann.de\/index.php?rest_route=\/wp\/v2\/pages\/123\/revisions\/440"}],"wp:attachment":[{"href":"https:\/\/kanzlei-laarmann.de\/index.php?rest_route=%2Fwp%2Fv2%2Fmedia&parent=123"}],"curies":[{"name":"wp","href":"https:\/\/api.w.org\/{rel}","templated":true}]}}